) = -7. Let m(u) = -u - 1. Let j(o) = 3*m(o) + r(o). Let g be j(-8). Calculate the highest common divisor of g and 42.
14
Suppose 0 = -20*x + 31*x - 99. What is the greatest common divisor of 27 and x?
9
Let a be 50/40 + (-844)/(-16). What is the highest common divisor of 4 and a?
2
Let a(h) = 46*h**2 + 3*h - 2. Let i be a(2). Let p = i + -132. Suppose -4*n = -2*n - 14. What is the highest common divisor of n and p?
7
Suppose i - 347 = -103. Let y = -154 + i. What is the highest common divisor of 30 and y?
30
Suppose r + 7833 = 5*q, -q - 20*r + 1560 = -18*r. Calculate the highest common factor of 58 and q.
58
Let p(l) = -2*l**3 - 27*l**2 + 15*l + 23. Let m be p(-14). Let c = 0 - -1. What is the highest common factor of m and c?
1
Let p be -2 - 8/(4/(-2)). Suppose 0 = -2*f + 3*f - p. Suppose -i + 13 = -3*z, -5*z + 2 - 26 = -4*i. Calculate the greatest common divisor of i and f.
1
Suppose -2*o - 8 = -18. Suppose o*y - 270 = -0*y - 5*b, -2*y + 110 = b. What is the highest common divisor of 14 and y?
14
Let p(x) = 2*x**3 + 5*x**2 + 2*x - 2. Let s be p(-4). Let n = s - -90. Let y be n/4 + (3 - 1). Calculate the greatest common divisor of y and 70.
10
Suppose -107*s = -102*s, -w - 4*s = -18. What is the greatest common factor of 150 and w?
6
Let a(p) = p**2 - 5*p - 60. Let q be a(17). What is the greatest common factor of 96 and q?
48
Suppose 3*u - 1476 = 3*p, 0*u + 4*p + 483 = u. What is the highest common divisor of 45 and u?
45
Let n(a) = -2*a**2 - 16*a - 31. Let l(j) = j**2 + 11*j + 20. Let r(z) = -8*l(z) - 5*n(z). Let p be r(5). Calculate the greatest common factor of p and 35.
5
Let s = -9 + 5. Let n = s - -6. Suppose -5*o + n*o + 27 = 0. Calculate the greatest common divisor of 3 and o.
3
Let x(s) = -21*s + 21. Let a(r) = 31*r - 31. Let q(n) = 5*a(n) + 8*x(n). Let l be q(-4). Calculate the highest common divisor of 13 and l.
13
Let f(g) = 6*g + 58. Let w(k) = -17*k - 173. Let r(a) = -11*f(a) - 4*w(a). Let c be r(-9). Suppose 576 = v + v. Calculate the highest common divisor of v and c.
36
Let t(h) = 22*h**3 + 2*h**2 - h - 1. Let y be t(1). What is the highest common factor of y and 913?
11
Let s be (-15)/90 - 74/(-12). Suppose -13 + 73 = 4*h. Calculate the highest common factor of s and h.
3
Suppose -4*g + 2 = 5*h - 7, -3*h = -3*g - 27. What is the greatest common divisor of h and 285?
5
Let c be (-39 - (-2 + -2))*-1. Let h = c + -23. Calculate the greatest common divisor of h and 96.
12
Let g(p) = -198*p - 1316. Let f be g(-7). Let j = 0 - -2. Suppose 8 = r - j. Calculate the greatest common divisor of r and f.
10
Suppose d = 3*r + 9, -3*d - 4*r = -r - 39. Suppose 5*l + 2*k - d = 59, -3*l = 4*k - 37. Calculate the highest common factor of 10 and l.
5
Let v(w) = -13 + w + w + 1 + 0*w. Let a be v(8). What is the greatest common factor of 4 and a?
4
Let v(u) = 35*u**2 - 30*u + 63. Let a be v(2). Calculate the highest common divisor of 11 and a.
11
Let o(t) = 508*t**2 - 48*t - 11. Let m be o(-2). Calculate the greatest common factor of 146 and m.
73
Let s be 85/(-17) - (-1 + -850). What is the highest common divisor of s and 9?
9
Let c = -105 + 681. Calculate the highest common divisor of c and 504.
72
Let s(o) = -o**3 - 6*o**2 - 2*o - 6. Let a be s(-6). Suppose -3*c - 4*y + 19 = -49, 5*c + y = 119. What is the highest common divisor of a and c?
6
Let v = -26 - -15. Let y = v - -31. Let l be -1*(y/(-2) + 2). What is the greatest common factor of 12 and l?
4
Suppose -300*p + 2088 = -296*p. What is the highest common divisor of 116 and p?
58
Let r = -95 + 149. Let z be (0 + 1)*(2 + -1)*r. Suppose -24 = -4*m + 3*j, 4*j + 0*j = -3*m + 18. Calculate the highest common divisor of m and z.
6
Let z = 40 - 84. Let f = 75 + z. What is the greatest common divisor of 124 and f?
31
Suppose 590 + 370 = 4*j. Let n = j - 142. What is the greatest common divisor of 14 and n?
14
Let u be (-2 - -2) + (-1 + -2 - 1). Let q be 7/((-14)/(-15))*u/(-3). What is the highest common divisor of q and 80?
10
Let u be (15/(-12))/((-2)/16). Let j = 811 - 128. Suppose 0 = -11*a + j + 527. Calculate the highest common factor of u and a.
10
Let d be (0 - (-9)/21)*21. What is the highest common factor of d and 36?
9
Suppose 0 = n - m - 3, 0 = 10*m - 15*m - 5. What is the highest common factor of 14 and n?
2
Let a(u) = -u**3 + 6*u**2 - 6*u + 2. Let q be a(5). Let h(s) = s**2 - 7. Let c be h(q). What is the highest common divisor of 14 and c?
2
Suppose -h + 18 = 2*h. Suppose -58 = -8*s + h*s. Suppose f - s = -2. Calculate the highest common factor of 9 and f.
9
Let h(a) = 154*a - 903. Let q be h(6). Calculate the highest common factor of q and 1407.
21
Suppose -4*u - b + 30 = 0, 2*b - 6 = -b. Suppose 0 = c - 5*c + 8. Suppose -c*x = -126 + 28. Calculate the greatest common factor of u and x.
7
Suppose -2*j - 13 + 157 = 0. Calculate the highest common divisor of 28 and j.
4
Suppose -5*q = c - 135, -3*c + 67 = -q + 3*q. What is the highest common divisor of q and 234?
26
Let h(k) = k**3 + 5*k**2 - 2*k + 8. Suppose 0 = 10*m - 11*m - 5. Let g be h(m). Calculate the greatest common divisor of 126 and g.
18
Let q(k) be the second derivative of k**5/20 + k**3/6 - k**2/2 + 5*k. Let l be q(1). Calculate the greatest common factor of l and 8.
1
Suppose -5*a = -6*a - 2. Let y be (0 + 18)*a/(-3). Suppose q - 100 = -2*g, 4*g + 2*q - 212 = -3*q. What is the highest common factor of g and y?
12
Let j(r) = -r - 5. Let s = 90 - 107. Let u be j(s). What is the greatest common factor of 96 and u?
12
Let d be (120/(-70))/(1/(-35)). Calculate the highest common divisor of d and 75.
15
Let u be (-10)/((-30)/123) + 7*1. Calculate the highest common factor of u and 258.
6
Let q = -325 - -505. Calculate the highest common divisor of 45 and q.
45
Let b(z) = 64*z + 5. Let p be b(2). Suppose -5*i + p = 2*u + 47, 5*i = 20. What is the greatest common divisor of u and 22?
11
Suppose 5*u = -2*d + 142, -33 = -d + 4*u + 64. What is the greatest common divisor of d and 1863?
81
Let d(h) = h**3 - 9*h**2 + 30*h - 3. Let i be d(6). What is the highest common factor of 828 and i?
69
Suppose n - 25 = 6. Suppose g = n - 10. Calculate the highest common factor of 14 and g.
7
Suppose 0 = 22*w - 26*w + 588. Calculate the highest common factor of 126 and w.
21
Let v = 388 + -377. Let n(l) = 2*l**2 + l - 6. Let x be n(7). Let y be (x/6)/(1/2). What is the greatest common factor of v and y?
11
Let a be ((-102)/119)/(1/(-7)). Calculate the greatest common factor of 150 and a.
6
Suppose 0 = -5*b + 6*h - 10*h + 142, b + 3*h = 35. What is the highest common factor of b and 169?
13
Let c be 30/8*((-112)/(-21) + -4). Suppose r - c*h = 218, r = 4*r + 3*h - 582. Calculate the highest common factor of r and 18.
18
Let v(u) = -u**2 - 9*u + 6. Let x be v(-6). Suppose -o - o = -120. Let c = o + -48. Calculate the highest common divisor of x and c.
12
Let u be (((-24)/(-21))/(-4))/(10/(-420)). What is the highest common factor of 108 and u?
12
Let d(h) = 2*h + 6. Let x be d(7). Let b = -62 + 29. Let t be ((-45)/(-12))/(-1 - b/24). Calculate the highest common factor of x and t.
10
Let r(q) = -36*q - 30. Let z be r(-4). Suppose -4*a + z + 362 = 0. What is the highest common divisor of a and 17?
17
Suppose 2*u + 108 = -2*u. Suppose -3*y + 2 = 56. Let w be 6/u + (-1408)/y. Calculate the highest common factor of 52 and w.
26
Let d be 4/2 - 1 - -102. Let h = d - 61. Calculate the greatest common factor of h and 6.
6
Let j = -117 + 273. What is the greatest common factor of j and 39?
39
Suppose 2*j + 12 = 4*j. Let n be -2 + (-5)/(-15)*15. Suppose -12 = -n*m, m + 0*m - 52 = -2*s. What is the greatest common divisor of j and s?
6
Let g(o) = -36*o - 9. Let u(c) = -37*c - 9. Let q(v) = -5*g(v) + 4*u(v). Let x be q(3). What is the greatest common factor of x and 42?
21
Let h be (4/5)/(18610/2325 - 8). Calculate the greatest common factor of h and 124.
62
Let k = -254 + 268. What is the highest common factor of k and 4?
2
Suppose -496 = -103*h - 84. Calculate the greatest common divisor of h and 82.
2
Let w be 0/(3 - (3 + 1)). Suppose w*z = -3*z + 12. Suppose 0 = -z*t - 0*t + q + 223, -2*q = 2*t - 114. Calculate the greatest common divisor of t and 14.
14
Suppose 3*n - 191 = 91. Suppose 17*h - 12*h = 235. Calculate the highest common divisor of h a